6.
927
Calculate the remainder when 2362840 is divided by 41.
10
Calculate the remainder when 80759 is divided by 1972.
1879
What is the remainder when 225868 is divided by 225844?
24
What is the remainder when 297180 is divided by 4303?
273
What is the remainder when 286513 is divided by 408?
97
What is the remainder when 2025800 is divided by 675223?
131
Calculate the remainder when 13988855 is divided by 162.
155
Calculate the remainder when 4534272 is divided by 8.
0
Calculate the remainder when 1491895 is divided by 1705.
20
What is the remainder when 3389472 is divided by 564912?
0
What is the remainder when 604767 is divided by 1118?
1047
Calculate the remainder when 20923913 is divided by 661.
619
What is the remainder when 394657 is divided by 19732?
17
What is the remainder when 97690408 is divided by 18?
16
What is the remainder when 6154887 is divided by 30?
27
What is the remainder when 4203822 is divided by 35930?
12
What is the remainder when 13538280 is divided by 1353825?
30
Calculate the remainder when 1426748 is divided by 46023.
35
Calculate the remainder when 185593 is divided by 7730.
73
Calculate the remainder when 31240 is divided by 191.
107
Calculate the remainder when 59252 is divided by 316.
160
Calculate the remainder when 4649151 is divided by 43.
34
What is the remainder when 106531 is divided by 389?
334
Calculate the remainder when 4062523 is divided by 162500.
23
What is the remainder when 60393781 is divided by 1162?
1155
What is the remainder when 1854516 is divided by 150?
66
Calculate the remainder when 65775266 is divided by 65775254.
12
Calculate the remainder when 542982 is divided by 20879.
128
Calculate the remainder when 1169668 is divided by 1842.
1840
Calculate the remainder when 139615 is divided by 493.
96
Calculate the remainder when 171585285 is divided by 63.
60
Calculate the remainder when 18707701 is divided by 123892.
9
What is the remainder when 3613 is divided by 3442?
171
Calculate the remainder when 300189 is divided by 5346.
813
Calculate the remainder when 1531466 is divided by 23.
11
Calculate the remainder when 60617 is divided by 581.
193
What is the remainder when 2329016 is divided by 30?
26
What is the remainder when 189837 is divided by 94858?
121
Calculate the remainder when 641707 is divided by 474.
385
Calculate the remainder when 31515374 is divided by 6303073.
9
Calculate the remainder when 1481010 is divided by 21.
6
Calculate the remainder when 4423058 is divided by 85.
83
What is the remainder when 821264 is divided by 35?
24
What is the remainder when 24841198 is divided by 17?
16
Calculate the remainder when 28315503 is divided by 1769718.
15
Calculate the remainder when 22142447 is divided by 357136.
15
What is the remainder when 2804355 is divided by 71?
68
What is the remainder when 45619836 is divided by 15206592?
60
Calculate the remainder when 11605949 is divided by 89.
82
What is the remainder when 179440188 is divided by 34?
20
Calculate the remainder when 4238931 is divided by 39249.
39
Calculate the remainder when 187568 is divided by 93717.
134
What is the remainder when 13539118 is divided by 1680?
1678
What is the remainder when 5371 is divided by 962?
561
What is the remainder when 66281305 is divided by 59?
56
What is the remainder when 17828914 is divided by 3194?
6
Calculate the remainder when 305293 is divided by 7099.
36
What is the remainder when 2225652 is divided by 71795?
7
What is the remainder when 29689042 is divided by 55184?
50
What is the remainder when 8183893 is divided by 1636775?
18
What is the remainder when 1245979 is divided by 2763?
2629
What is the remainder when 231744 is divided by 23154?
204
What is the remainder when 43833 is divided by 925?
358
Calculate the remainder when 17105215 is divided by 20911.
17
Calculate the remainder when 7181451 is divided by 10881.
10872
What is the remainder when 29655342 is divided by 59?
54
Calculate the remainder when 33789380 is divided by 16894684.
12
What is the remainder when 10664996 is divided by 10664989?
7
What is the remainder when 24566882 is divided by 985?
982
Calculate the remainder when 3409647 is divided by 790.
7
What is the remainder when 911491 is divided by 143?
9
What is the remainder when 1241325 is divided by 713?
705
What is the remainder when 1791368 is divided by 66?
62
What is the remainder when 24037 is divided by 4641?
832
What is the remainder when 14517465 is divided by 193566?
15
Calculate the remainder when 8371498 is divided by 295.
283
Calculate the remainder when 120300 is divided by 23993.
335
What is the remainder when 23806766 is divided by 247987?
14
What is the remainder when 2509498 is divided by 479?
17
What is the remainder when 2811942 is divided by 2608?
518
Calculate the remainder when 6015226 is divided by 24.
10
Calculate the remainder when 1909156 is divided by 145.
86
Calculate the remainder when 7820901 is divided by 1628.
1617
Calculate the remainder when 1533865 is divided by 726.
553
What is the remainder when 64422779 is divided by 23182?
1
What is the remainder when 101118 is divided by 1404?
30
Calculate the remainder when 44446 is divided by 13807.
3025
Calculate the remainder when 229941852 is divided by 297.
294
What is the remainder when 700858 is divided by 11996?
5090
Calculate the remainder when 81625087 is divided by 6.
1
Calculate the remainder when 18843835 is divided by 15039.
15007
Calculate the remainder when 432194125 is divided by 806.
805
Calculate the remainder when 2093783 is divided by 1909.
1519
What is the remainder when 11247 is divided by 8297?
2950
What is the remainder when 42887 is divided by 2312?
1271
Calculate the remainder when 279238 is divided by 2428.
18
Calculate the remainder when 57612 is divided by 359.
172
What is the remainder when 1544088 is divided by 553?
112
What is the remainder when 17372 is divided by 8617?
138
Calculate the remainder when 4462555 is divided by 2345.
20
Calculate the remainder when 226771 is divided by 1157.
1156
What is the remainder when 351038 is divided by 21673?
4270
What is the remainder when 1634132 is divided by 1146?
1082
Calculate the remainder when 827985476 is divided by 209.
208
What is the remainder when 489711 is divided by 966?
915
Calculate the remainder when 24603700 is divided by 47.
46
Calculate the remainder when 405083 is divided by 600.
83
Calculate the remainder when 19786205 is divided by 859.
858
What is the remainder when 90326492 is divided by 3763603?
20
Calculate the remainder when 74893782 is divided by 6.
0
Calculate the remainder when 41188947 is divided by 743.
742
What is the remainder when 244617330 is divided by 4932?
4926
What is the remainder when 1067209 is divided by 1346?
1177
Calculate the remainder when 1873335 is divided by 12655.
395
Calculate the remainder when 303942812 is divided by 18.
14
Calculate the remainder when 35383 is divided by 362.
269
Calculate the remainder when 126686 is divided by 2662.
1572
What is the remainder when 77648393 is divided by 48?
41
What is the remainder when 2222918 is divided by 88916?
18
Calculate the remainder when 46443381 is divided by 116.
113
What is the remainder when 179374 is divided by 44609?
938
What is the remainder when 502499 is divided by 3514?
3511
What is the remainder when 2717123 is divided by 1030?
1013
What is the remainder when 74825073 is divided by 425?
423
What is the remainder when 1389484 is divided by 10292?
64
Calculate the remainder when 231437 is divided by 761.
93
Calculate the remainder when 777743 is divided by 316.
67
What is the remainder when 2534 is divided by 1581?
953
What is the remainder when 3217000 is divided by 2467?
32
What is the remainder when 135918 is divided by 45295?
33
Calculate the remainder when 7708123 is divided by 108.
55
What is the remainder when 53921657 is divided by 384?
377
What is the remainder when 1590559 is divided by 26507?
139
What is the remainder when 707384 is divided by 4027?
2659
What is the remainder when 1889499 is divided by 314831?
513
Calculate the remainder when 45153103 is divided by 17.
15
Calculate the remainder when 154853097 is divided by 830.
827
Calculate the remainder when 8285 is divided by 771.
575
C